7*l**3 - 3*l**2 + l - 2. Suppose -8*w = -0 - 16. List the prime factors of u(w).
2, 11
Suppose -4*m = 4*f - 5*m - 3440, 2*f - 1720 = -3*m. List the prime factors of f.
2, 5, 43
Let s be (-3 - 6/(-2)) + 86. Suppose -s = -4*b + 106. Suppose 7*v - 10*v = -b. List the prime factors of v.
2
Suppose -15840 = 212*o - 221*o. What are the prime factors of o?
2, 5, 11
Suppose -7*m = 7*m. Suppose -2*s + 2*v + 238 = m, -s - 3*v = s - 213. What are the prime factors of s?
2, 3, 19
Suppose 8 = -k - j + 4*j, -4*j = -3*k - 4. Suppose 59 - 230 = -4*l - 5*p, l - k*p - 27 = 0. List the prime factors of l.
3, 13
Let s(d) = 11*d - 3. Let j(r) = 4*r - 1. Let q(x) = 17*j(x) - 6*s(x). Let k be q(-1). List the prime factors of 2 - (2 - -3)/k.
7
Suppose 4*s - i = 9464, 3*s - 6*i = -5*i + 7099. List the prime factors of s.
5, 11, 43
Suppose -5*g - 10 = 5*p - 10*p, 4*p = g + 8. Suppose -z + 4*s + 130 = 3*s, p*z - s = 256. What are the prime factors of z?
2, 3, 7
Suppose 0 = -4*w - 51 - 1. Let o(z) = -10*z - 3. Let v be o(-2). Let y = v + w. What are the prime factors of y?
2
What are the prime factors of (-66)/121 - (-83480)/22?
2, 7, 271
Suppose 132 = 8*y - 9*y. Let s = y - -222. List the prime factors of s.
2, 3, 5
Let h be ((-44)/16 - -4)*12. Suppose -2*l + 35 = -h. What are the prime factors of l?
5
Suppose -8 = -2*z, -18060 = -4*h + 12*z - 7*z. What are the prime factors of h?
2, 5, 113
Let h be (-4)/(-8)*(-4)/(-2). Let n(v) = -16*v + h + 5*v - 5*v + 0. List the prime factors of n(-1).
17
Let x(c) = 21*c**2 + 14*c - 1. Let m(z) = 11*z**2 + 6*z. Let v(h) = 5*m(h) - 2*x(h). Let u(f) = f**2 + 5*f - 2. Let s be u(-5). List the prime factors of v(s).
2, 5
Suppose 1144 = 21*k - 19*k. List the prime factors of k.
2, 11, 13
Let a = 189 - 126. What are the prime factors of a?
3, 7
Let k(l) = l**2 - 7*l + 9. Suppose 4*a - 14 = -2. Suppose -5*u + 72 = -4*n, u - n = -4*n + a. List the prime factors of k(u).
3, 23
Let g = 4 + 17. Let m = -19 + g. List the prime factors of m.
2
Let x = 0 + -19. Let k = 8 - 39. Let c = x - k. What are the prime factors of c?
2, 3
Let n = 789 - 414. What are the prime factors of 10450/n - (-2)/15?
2, 7
Let s(c) = c**3 - 7*c + 1029. List the prime factors of s(0).
3, 7
Let y(r) = -r**3 + 14*r**2 + 5*r - 13. Let x be y(14). Let d = 90 + x. Suppose -2*w = 17 - d. List the prime factors of w.
5, 13
Let h be 2/15 + 8/(-60). Let i(w) = -w**2 - w + 103. List the prime factors of i(h).
103
Suppose -2*h = -6*h + 3*k + 1967, -3*h + 5*k = -1467. What are the prime factors of h?
2, 13, 19
Let j be (0 - 0)/((-1)/(-3)*3). Suppose -5*b + 38 - 8 = j. What are the prime factors of b?
2, 3
Let q be 2/9 - 22/99. Let s = q - 11. Let d = 21 + s. List the prime factors of d.
2, 5
Let n(i) = -i**3 + 28*i**2 - 57*i - 58. What are the prime factors of n(24)?
2, 439
Let w be (6*3/(-2))/(-1). Let k(b) = b - 6. List the prime factors of k(w).
3
Suppose -3*y + 5*s + 389 = 0, -5*y + 5*s - 2*s = -643. Let j = -2 + 6. List the prime factors of (y/4)/j - 2.
2, 3
Let x = 994 - 337. What are the prime factors of x?
3, 73
Let q = -38 + 30. What are the prime factors of (-4000)/(-18) + q/36?
2, 3, 37
Let f(d) be the third derivative of -d**6/120 - 2*d**5/15 + 5*d**4/24 + 17*d**3/6 - 32*d**2. What are the prime factors of f(-10)?
167
Let y = 27 - 25. Suppose -5*o - 5*l + 10*l + 895 = 0, -2*o - y*l + 374 = 0. List the prime factors of o.
3, 61
Suppose 3*y - 2*f + 27 = f, 4*y + f + 11 = 0. Let s be 6 + (-3)/(7 + y). Suppose 3*o = 109 + s. List the prime factors of o.
2, 19
Let s be 116*((-4)/(-1) + 14/(-4)). Suppose -383 = -3*k + s. What are the prime factors of k?
3, 7
Suppose -3*f = f + 4*i - 64, -i - 3 = 0. Suppose -f*x + 14*x + 1785 = 0. List the prime factors of x.
3, 7, 17
Suppose -9 = -3*t - 3, 2 = g - t. Let a be g/(-3)*15/(-10). Suppose -a = j - 10. List the prime factors of j.
2
Suppose 3*y + 0 - 32 = -2*s, -3*y + 12 = 0. Suppose 0 = 3*u - 229 + s. What are the prime factors of u?
73
Suppose -q - 2 = -1, 2*c + 4*q - 14 = 0. Suppose -4*j = -c*j + 150. What are the prime factors of j?
2, 3, 5
Let o = 5 + 0. Suppose m - 3*d + 2*d = -1, 3*m = -d + o. Suppose m = -f + 13. What are the prime factors of f?
2, 3
Let z(a) = a + 19. Let g be z(-19). Suppose g = 2*w + 3*w - 155. What are the prime factors of w?
31
Let w(k) = -5 + k + 0*k - 2 + 5. Let j be w(5). Suppose -j*x + 73 = 2*x + 3*s, 2*s - 44 = -3*x. List the prime factors of x.
2, 7
List the prime factors of ((-952)/(-32) - 6)/(2/8).
5, 19
Let u(x) be the third derivative of x**5/60 - x**4/6 - x**3/3 + x**2. Let k = 635 + -628. What are the prime factors of u(k)?
19
Let l(u) = 2*u + 1. Let b be l(-2). Let t be -1 + 4 + b - -45. Let a = t + -31. List the prime factors of a.
2, 7
Let l(q) = -2*q + 2 + 8*q + 0*q - 2*q + 44*q**2. What are the prime factors of l(-1)?
2, 3, 7
Let j be 6/(-4)*6/(-1). Let q = j + 17. What are the prime factors of q?
2, 13
Let u = 1229 - 16. List the prime factors of u.
1213
Let g(c) = 2*c**3 - 5*c**2 - c + 10. Let z be g(3). List the prime factors of 5 + (44/z - (-3)/(-4)).
7
Let s = 83 + -82. Suppose -s = j - 0, -2*a + 2*j = -306. What are the prime factors of a?
2, 19
Let k(w) = 4*w**2 + 41*w - 4. What are the prime factors of k(-14)?
2, 103
Let u(g) be the first derivative of g**3/3 - 7*g**2/2 - 6*g - 4. Let y be u(9). Suppose -23 - y = -5*b - 2*p, -2*b + 35 = 5*p. What are the prime factors of b?
5
Let f(l) = 3*l**2 - 11*l + 66. What are the prime factors of f(11)?
2, 7, 11
Suppose -4*d - 2*k - 14 = 0, -5*k - 20 = -3*d + 8*d. Let w(j) = -2*j**3 - 2*j**2 - 2*j + 1. What are the prime factors of w(d)?
43
What are the prime factors of -2*(-4)/8 - (-765 - -2)?
2, 191
Let p(h) = h - 1. Let g(d) = -2*d + 1. Let t(z) = 4*z + 7. Let a be t(-4). Let n(b) = a*p(b) - 4*g(b). What are the prime factors of n(-6)?
11
Let m(i) = -6*i - 23. Let h be m(-7). Let f = -9 + h. List the prime factors of f.
2, 5
Suppose 0 = -4*h + 2*h + 6. Suppose -y + 0 = h. Let o = 2 - y. What are the prime factors of o?
5
List the prime factors of 1 + 4*2122/4.
11, 193
Let n be (28/(-16))/(5/380). Let g = 263 + n. List the prime factors of g.
2, 5, 13
List the prime factors of (5/10 + 0)*4866.
3, 811
Let a = -604 + 1486. What are the prime factors of a?
2, 3, 7
Let m = -7 + 2. Let i = m - -29. Let q = i - 11. List the prime factors of q.
13
Let p(y) = -2*y**2 + 12*y - 2. Let d be p(5). Suppose 0 = d*o + 90 - 322. List the prime factors of o.
29
Let z = -48 - -51. Suppose 277 = z*h - 185. List the prime factors of h.
2, 7, 11
Suppose -5*i - 7*o + 400 = -2*o, -4*i - o = -317. Suppose -4*h - i = -351. What are the prime factors of ((-6)/12)/((-1)/h)?
2, 17
Suppose -4*w + 136 = -5*h, -h - 68 = -2*w - 2*h. Suppose -236 - w = -5*i. What are the prime factors of i?
2, 3
Suppose -v + 12 = 5*v. Suppose z - v*z + 127 = 0. Let j = z + -76. List the prime factors of j.
3, 17
Suppose 12*z + 4 = 28. Suppose z*a - 384 = 2*x, 5*a - 4*x + 494 - 1452 = 0. List the prime factors of a.
2, 5, 19
Suppose w = -b + 4, 2*b + 3*w + 5 - 13 = 0. What are the prime factors of 37*b*((-33)/2)/(-11)?
2, 3, 37
Suppose -2533 + 333 = -5*s. List the prime factors of s.
2, 5, 11
Suppose 4*s - 6 - 22 = 0. Let k(g) = 2 + g**2 - 1 - 1 - s. What are the prime factors of k(6)?
29
Suppose -4*f + q - 24 = 0, f + 0*f - 3*q = -17. Let v be 4/5*f/2. List the prime factors of 1 + (-4)/v + -1.
2
Suppose 2*q = 4*x - q - 17, -2*x + 13 = 3*q. Suppose -2*y = -3*z - 165, x*z - 319 = -2*y - 2*y. List the prime factors of y.
3
Suppose 0 = -2*r - 4*l + 2690 + 1374, -3*l = 3. What are the prime factors of r?
2, 3, 113
Suppose 14*y = 9*y. What are the prime factors of (-2)/4*y + 6 + 24?
2, 3, 5
Let a = 100 + -61. Suppose -3*r = -222 - a. List the prime factors of r.
3, 29
Let t = 744 + -450. What are the prime factors of t?
2, 3, 7
Let k be 15/3 + -3 - 11. Let l(c) = -c**3 - 8*c**2 + 8*c - 3. Let b be l(k). Suppose 5*t + d = 30, -3*t = -b*t + 4*d - 5. List the prime factors of t.
5
Let o = 4224 + -2848. What are the prime factors of o?
2, 43
Let x = -124 - -45. Let k = 243 + x. What are the prime factors of k?
2, 41
Suppose -284*k - 19075 = -291*k. What are the prime factors of k?
5, 109
Let d be -37 - (-6 - (-2 - 0)). Let f = d - -33. Suppose 22 = -f*b + b. List the prime factors of b.
2,